910681.
71, 2267, 16333
What are the prime factors of 19356356?
2, 193, 25073
What are the prime factors of 1559078987?
859, 1814993
What are the prime factors of 1646651115?
3, 5, 79, 479, 967
What are the prime factors of 8799634?
2, 4399817
List the prime factors of 3542598288.
2, 3, 8200459
What are the prime factors of 160756376?
2, 11, 1826777
What are the prime factors of 96613630?
2, 5, 41, 61, 3863
List the prime factors of 47482083.
3, 11, 19, 25243
What are the prime factors of 164723762?
2, 7, 313, 37591
List the prime factors of 83590318.
2, 7, 1877, 3181
List the prime factors of 47081946.
2, 3, 71, 79, 1399
What are the prime factors of 2386180138?
2, 1193090069
List the prime factors of 495587739.
3, 23, 71, 101161
What are the prime factors of 11628356?
2, 2907089
What are the prime factors of 5954854158?
2, 3, 11, 3341669
What are the prime factors of 354310170?
2, 3, 5, 23, 107, 4799
List the prime factors of 10456850.
2, 5, 283, 739
What are the prime factors of 1868041338?
2, 3, 31, 67, 149899
List the prime factors of 1883976066.
2, 3, 7, 2729, 5479
What are the prime factors of 367838029?
13, 103, 274711
List the prime factors of 3916935701.
7, 3947, 141769
List the prime factors of 1126904553.
3, 139, 900803
List the prime factors of 67764360.
2, 3, 5, 564703
List the prime factors of 647103628.
2, 1103, 146669
What are the prime factors of 5374052636?
2, 13463, 99793
List the prime factors of 11804413.
11804413
List the prime factors of 17433523.
17433523
What are the prime factors of 295002101?
2417, 122053
What are the prime factors of 726857106?
2, 3, 2153, 56267
What are the prime factors of 27027693?
3, 7, 11, 43, 907
What are the prime factors of 215530516?
2, 23, 2342723
List the prime factors of 222560143.
13, 37, 79, 5857
What are the prime factors of 1275799077?
3, 7, 20250779
List the prime factors of 63257242.
2, 3373, 9377
What are the prime factors of 492362929?
47, 2267, 4621
What are the prime factors of 23580499?
181, 130279
What are the prime factors of 3356536213?
127, 3617, 7307
What are the prime factors of 155793160?
2, 5, 19, 10789
List the prime factors of 29055487.
43, 541, 1249
What are the prime factors of 185927001?
3, 13, 181, 26339
List the prime factors of 104562015.
3, 5, 6970801
List the prime factors of 292390677.
3, 19, 157, 10891
List the prime factors of 141527845.
5, 683, 41443
List the prime factors of 309984450.
2, 3, 5, 2066563
List the prime factors of 1078732273.
6991, 154303
List the prime factors of 460601229.
3, 11, 29, 481297
What are the prime factors of 1748920829?
1748920829
What are the prime factors of 1714638885?
3, 5, 739, 154681
List the prime factors of 649827994.
2, 439, 740123
What are the prime factors of 1542377354?
2, 7, 29, 743, 5113
List the prime factors of 113912410.
2, 5, 17, 19, 35267
List the prime factors of 3253270021.
22859, 142319
List the prime factors of 726902270.
2, 5, 72690227
What are the prime factors of 260790382?
2, 2273, 57367
List the prime factors of 22297108.
2, 19, 397, 739
List the prime factors of 27204826.
2, 11, 1236583
List the prime factors of 145004889.
3, 48334963
What are the prime factors of 16918809?
3, 1873, 3011
List the prime factors of 54679712.
2, 1708741
List the prime factors of 2536865406.
2, 3, 41, 381943
What are the prime factors of 468143617?
31, 41, 368327
List the prime factors of 3370355.
5, 674071
What are the prime factors of 1440123663?
3, 11, 47, 928513
What are the prime factors of 231933403?
13, 23, 59669
What are the prime factors of 3438072024?
2, 3, 449, 319049
List the prime factors of 3642511227.
3, 107, 661, 17167
List the prime factors of 1141485019.
26267, 43457
What are the prime factors of 5321171755?
5, 401, 2653951
What are the prime factors of 24797269?
7, 53, 89, 751
What are the prime factors of 2186467825?
5, 37, 2363749
List the prime factors of 381976623.
3, 7, 41, 147881
List the prime factors of 1534667247.
3, 73, 2335871
What are the prime factors of 354694665?
3, 5, 13, 47, 229
List the prime factors of 419457444.
2, 3, 7, 101, 1009
List the prime factors of 184649879.
97, 491, 3877
List the prime factors of 70472206.
2, 7, 109, 46181
What are the prime factors of 154662711?
3, 7, 7364891
List the prime factors of 17696626.
2, 17, 1801
What are the prime factors of 617510631?
3, 205836877
List the prime factors of 153687801.
3, 31, 677, 2441
List the prime factors of 2267251.
7, 19, 17047
What are the prime factors of 223919976?
2, 3, 7, 293, 4549
What are the prime factors of 4220827820?
2, 5, 11, 41, 467941
List the prime factors of 223532747.
53, 223, 18913
List the prime factors of 2668738318.
2, 5647, 236297
What are the prime factors of 1280527015?
5, 193, 1326971
What are the prime factors of 5830978208?
2, 11, 367, 45137
What are the prime factors of 7459523938?
2, 7039, 529871
List the prime factors of 144064122.
2, 3, 89, 269783
List the prime factors of 996995111.
7, 20346839
List the prime factors of 143513052.
2, 3, 97, 139, 887
List the prime factors of 6930369830.
2, 5, 29, 824063
List the prime factors of 2845421.
19, 149759
What are the prime factors of 162406299?
3, 11, 4921403
List the prime factors of 2209270574.
2, 7, 157805041
What are the prime factors of 492480265?
5, 73, 677, 1993
What are the prime factors of 87474287?
1291, 67757
List the prime factors of 29204181.
3, 17, 23, 43, 193
List the prime factors of 1749316537.
41, 42666257
What are the prime factors of 400481551?
137, 269, 10867
What are the prime factors of 29571357?
3, 1753, 5623
List the prime factors of 852175627.
852175627
What are the prime factors of 1317717002?
2, 7, 94122643
List the prime factors of 38545281.
3, 19, 227, 331
What are the prime factors of 517367996?
2, 179, 722581
List the prime factors of 3733544.
2, 23, 103, 197
List the prime factors of 9482129.
211, 44939
What are the prime factors of 2861856451?
223, 673, 19069
What are the prime factors of 793487742?
2, 3, 97, 1363381
What are the prime factors of 36442264?
2, 4555283
List the prime factors of 7507327.
43, 71, 2459
List the prime factors of 1036750721.
1036750721
What are the prime factors of 321255011?
7, 11, 29, 47, 3061
List the prime factors of 3035470378.
2, 53, 73, 392281
List the prime factors of 74804792.
2, 9350599
What are the prime factors of 373319958?
2, 3, 11, 29, 195047
List the prime factors of 238165849.
238165849
What are the prime factors of 273422962?
2, 29, 4714189
What are the prime factors of 67868959?
109, 229, 2719
What are the prime factors of 16727637?
3, 5575879
List the prime factors of 77076615.
3, 5, 7, 11, 66733
What are the prime factors of 5424809498?
2, 2712404749
What are the prime factors of 739581172?
2, 11, 643, 26141
List the prime factors of 169217320.
2, 5, 17, 29, 8581
List the prime factors of 232930764.
2, 3, 11, 521, 1129
List the prime factors of 440516478.
2, 3, 17, 4318789
What are the prime factors of 1000343056?
2, 43, 839, 1733
List the prime factors of 43627654.
2, 7, 71, 43891
List the prime factors of 138138350.
2, 5, 7, 56383
What are the prime factors of 83978269?
43, 67, 103, 283
List the prime factors of 2650114414.
2, 19, 69739853
What are the prime factors of 1559488232?
2, 19, 31, 17419
List the prime factors of 318903069.
3, 673, 157951
List the prime factors of 200884526.
2, 31, 3240073
List the prime factors of 43885253.
109, 457, 881
What are the prime factors of 1535371198?
2, 41, 18724039
What are the prime factors of 2099751207?
3, 727, 962747
List the prime factors of 258665223.
3, 86221741
List the prime factors of 2183660363.
83, 26309161
What are the prime factors of 18249616?
2, 7, 11, 14813
List the prime factors of 332457341.
23, 14454667
List the prime factors of 1533994278.
2, 3, 97, 109, 24181
List the prime factors of 381077452.
2, 7, 19, 41, 17471
What are the prime factors of 90836718?
2, 3, 7, 1213, 1783
What are the prime factors of 656440952?
2, 337, 243487
What are the prime factors of 29554592?
2, 923581
What are the prime factors of 295966859?
131, 2259289
List the prime factors of 451693332.
2, 3, 17, 461, 1601
List the prime factors of 72023705.
5, 13, 1108057
List the prime factors of 243582275.
5, 1777, 5483
What are 